62 - f. Let n = s - -136. What are the prime factors of n?
2, 5, 7
Let f(o) = 58*o**3 + 3*o**2 + 10*o - 2. Let y be f(-2). Let b = y + 764. List the prime factors of b.
2, 5, 29
Let h be 7390/8 + (-9)/(-36) - 0. Let p = h + -536. List the prime factors of p.
2, 97
Let b(j) = -j**3 + 16*j**2 - 29*j + 48. Let u(h) = -h**3 + 31*h**2 + h - 20. Let z be u(31). List the prime factors of b(z).
2, 167
Suppose 6 = 3*l - x + 4*x, -2*x - 16 = -2*l. Let j be (-50)/(-15)*(2 - l). Let t = 20 + j. What are the prime factors of t?
2, 5
Let x be (36 - -17) + 0 + 0. Suppose -g - 10 = -20. What are the prime factors of x - 5/g*0/1?
53
Let l = -16437 - -23774. List the prime factors of l.
11, 23, 29
Let y = 6417 + -6076. List the prime factors of y.
11, 31
Let w = 7815 + -2021. What are the prime factors of w?
2, 2897
Let d = 21190 + 34140. List the prime factors of d.
2, 5, 11, 503
Suppose -6*a + 90 + 11148 = -774. What are the prime factors of a?
2, 7, 11, 13
Suppose -6*b - 5*b = 22. List the prime factors of (-66591)/(-45) - 13 - b/10.
3, 163
Let w(b) = 54*b**2 + 40*b + 87. What are the prime factors of w(-10)?
5087
Let l be 1164/(-9) + 1 - 2/(-6). Let g = -72 + 20. Let v = g - l. What are the prime factors of v?
2, 19
Let c be -2 - (-32)/20 - (-21931)/65. Let p = -334 + c. List the prime factors of p.
3
Let x = 6 + -2. Let a(j) = -6*j**2 - 14*j + 8. Let w(i) = -13*i**2 - 29*i + 13. Let d(k) = -5*a(k) + 2*w(k). What are the prime factors of d(x)?
2, 7
Let s = 9061 - 3786. List the prime factors of s.
5, 211
Suppose -22*w = -w - 315. What are the prime factors of 6/(-45) - -1862*1/w?
2, 31
What are the prime factors of ((-35)/((-1050)/(-94896)))/((-12)/40)?
2, 659
Let p = 364 - 371. List the prime factors of (70960/(-14))/(-5) + (-2)/p.
2, 3, 13
Let h(y) = 419*y - 69. Let u be h(3). Let l = 156 + u. List the prime factors of l.
2, 3, 7
Let l = 12399 - 8492. List the prime factors of l.
3907
Suppose 2*b = 3*l + 1, 5*b - 2*l - 15 = 4. Suppose 403 = 6*g - b*g. List the prime factors of g.
13, 31
Suppose 3*q + 2*v = 5640, 5*q - 6*v = -11*v + 9400. Suppose 10*u + 460 = q. List the prime factors of u.
2, 71
Let k = -105693 + 162026. What are the prime factors of k?
56333
Suppose -2*z + 4*k - 10 = -72, 4*z + 2*k - 134 = 0. Let a be (-1 - -18 - -2)*13/(-13). Let r = a + z. List the prime factors of r.
2, 7
Suppose 2*a = -5*d + 1803, d - 426 = -5*a + 4047. Let s = a + -453. List the prime factors of s.
3, 7
What are the prime factors of (-37 + 391)*1*2/(6/77)?
2, 7, 11, 59
Suppose -38 = -5*i + 117. Let m(o) = -o**2 + 57*o + 91. List the prime factors of m(i).
3, 13, 23
Let z(k) = -92*k - 1178. What are the prime factors of z(-85)?
2, 3, 41
Let n(q) = -28*q - 84. Let u be n(9). What are the prime factors of 616/(-3)*864/u?
2, 3, 11
Let c = 152 + -660. List the prime factors of 4*(-15)/48*c.
5, 127
Let g(k) be the first derivative of k**4 - k**3/6 - 7*k**2/2 - 18*k - 16. Let n(m) be the first derivative of g(m). What are the prime factors of n(-4)?
3, 7
Let f(v) = v**2 + 408*v - 236. List the prime factors of f(42).
2, 2333
Let f(y) = -y**2 + 5*y - 3. Let m be f(4). Let s(c) = 9*c - 10*c + m + 0 + 11*c. List the prime factors of s(4).
41
Suppose 3*a - 3 = 0, 5*w - 67345 - 13656 = -a. List the prime factors of w.
2, 3, 5
Suppose -4*l = -2*m - 8, 7*l + 4*m = 2*l + 23. Suppose 0*j + 3*j - 489 = -l*b, 5*b - 2*j - 780 = 0. List the prime factors of b.
2, 79
Let d = -507 - -514. Suppose 3*t - 593 = -2*l, 4*l - 10*t + d*t = 1177. What are the prime factors of l?
5, 59
Let j = 73 + -61. Let v be 28/12 + -3 + 752/j. Let n = v + -18. List the prime factors of n.
2, 11
Let r(u) = 10*u**2 + 15*u - 13. Let p be r(13). Suppose -234 = -9*m + p. What are the prime factors of m?
2, 3, 13
Let p = -192 - -342. Let i = -5703 - -5983. Let g = i - p. What are the prime factors of g?
2, 5, 13
Suppose 0 = -29*x + 19*x + 260. List the prime factors of 4/x - ((-156398)/26)/11.
547
Let x(c) be the first derivative of 9*c**5/20 - c**3/3 + 7*c**2/2 + 39*c - 30. Let y(q) be the first derivative of x(q). List the prime factors of y(3).
2, 61
Suppose -6*x - 3240 = -15873 - 17397. What are the prime factors of x?
5, 7, 11, 13
Suppose 35 = -8*i + 107. Suppose -i*y = -10*y + 270. What are the prime factors of y?
2, 3, 5
Let h be 1 + (-1 - 415) - -6. Let r = h + 870. List the prime factors of r.
461
Let u(d) be the third derivative of 7*d**5/60 - 19*d**4/8 + 4*d**3/3 + 6*d**2. List the prime factors of u(12).
2, 83
Suppose v - 5*s + 46 = 0, -5*v - 324 = 2*s + 14. Let k = 174 + v. What are the prime factors of k?
2, 3
Suppose 4*z - 2262 = 2*d, -2244 = -z - 3*z - 4*d. What are the prime factors of z - 15/6*(-12)/(-15)?
2, 281
Suppose -3*o + 5*h - 77 = -374, -3*o = -4*h - 300. Suppose 181 = 52*p - 131. Suppose 190 = p*i - o. What are the prime factors of i?
7
Suppose 0 = -2*d + d - 45. Let v be (-20)/(-6)*(-105)/(-14)*-6. Let s = d - v. What are the prime factors of s?
3, 5, 7
Let f(q) = -4*q**3 - 2*q**2 + q + 2. Let o be f(-1). Suppose 39 = -6*c + o*c. What are the prime factors of -5 + (-13)/(c/160)?
5, 31
Let g(q) = -951*q**3 - 2*q**2 + 4*q + 14. What are the prime factors of g(-3)?
67, 383
Suppose 0 = 2*b - 6 - 26. Let v(c) = 18*c + 23. What are the prime factors of v(b)?
311
Let r = -308 - -748. List the prime factors of -6 + 6 + -3 + r.
19, 23
Let a(o) = -o**3 + 36*o**2 + 202*o - 97. What are the prime factors of a(25)?
2, 2957
Suppose 760139 - 15860 = 31*f. List the prime factors of f.
3, 53, 151
Suppose 4*y - 232 = -40. Let f = -16 + y. Let p = 79 - f. List the prime factors of p.
47
List the prime factors of ((-9)/18)/(40/8 + 589833/(-117966)).
19661
Let o(z) = 4*z + 37. Let y be o(-10). List the prime factors of -3 + 0 + y + 400.
2, 197
Let d be ((-114)/(-18) + -7)/((-6)/45). List the prime factors of 1387 + 0*(-6 + d).
19, 73
Suppose -3380108 - 2872492 = -150*n. List the prime factors of n.
2, 17, 613
Let i = 82524 - 39423. What are the prime factors of i?
3, 4789
Suppose -6*p = -4*p + 74. Let g = 4033 + -3890. Let f = p + g. List the prime factors of f.
2, 53
Let j(x) = x**3 + 9*x**2 - 2*x + 6. Suppose -2*y - 149 + 135 = 0. List the prime factors of j(y).
2, 59
Let y(l) = -2298*l + 55. List the prime factors of y(-6).
109, 127
What are the prime factors of (-18)/(-42) + -1 + 1*(-245484)/(-14)?
2, 11, 797
Let k(g) = 4*g + 9. Let u be k(-8). Let z be 1/1 + (u - -17). Let f(w) = -w**3 - w**2 + 12*w + 16. What are the prime factors of f(z)?
2, 7
Suppose -770*g + 776*g - 36 = 0. List the prime factors of (g/(-9))/(1*(-10)/4245).
283
Let q = 13139 - 8608. What are the prime factors of q?
23, 197
Let v(d) = 2*d**3 - 22*d**2 - 2*d - 6. Let w be 148/15 + 1 + (-40)/(-300). Let c be v(w). List the prime factors of (5/(-2) - -7)/((-2)/c).
3, 7
Let p(k) = -k**2 - 2*k**2 + 2*k**2 + 10 - 3. Let r be p(-4). Let t(g) = -g**3 - 10*g**2 - 10*g + 2. What are the prime factors of t(r)?
11
Let i(l) = l + 1. Let h(p) = -p**2 + 13*p - 14. Let s(a) = -h(a) + 2*i(a). What are the prime factors of s(13)?
2, 3, 7
Let b be 0*((-2)/10 + 24/45). List the prime factors of (-1 + b)/(4*6/(-4680)).
3, 5, 13
Let c(i) = i**3 - 34*i**2 + 12*i - 22. Suppose 24 + 248 = 8*h. List the prime factors of c(h).
2, 193
Let b = 15282 + -1977. What are the prime factors of (-18)/(-10) - 2 - b/(-25)?
2, 7, 19
Let a(g) = 9*g - 49. Let o be a(6). Suppose o*l = -x + 94, 2*l = x - 3*l - 74. What are the prime factors of x?
2, 3, 7
Suppose 4*u = 3*z - 6, -5*z + 7 = 2*u - 3. Suppose -10*y - 40 + 1420 = u. What are the prime factors of y?
2, 3, 23
Let g(l) = -28*l**3 - 4*l**2 + 10. Let x = 37 - 39. What are the prime factors of g(x)?
2, 109
Let t be 28/(-98) - (-355)/(-7). Let o = 65 + t. Suppose y = o + 23. List the prime factors of y.
37
Let h = 371 - 576. Let d(f) = -3*f + 1. Let z be d(1). What are the prime factors of (-8)/12*(h + 4/z)?
2, 3, 23
Let d(g) = -g**3 - 8*g**2 + 5*g - 25. Let w be d(-16). Let n = -1140 + w. List the prime factors of n.
11, 73
Let m be (0 - 0)*(0 + 5/10). Suppose 4 = -v + 4*o - 2, -2*v + 3*o - 12 = m. What are the prime factors of v + 6 + (24/1 - 0)?
2, 3
Suppose 60*j - 3*o + 20294 = 65*j, j = -5*o + 4072. What are the prime factors of j?
4057
Suppose 8*b - 2*h - 2757 = 5*b, b + 4*h - 947 = 0. What are the prime facto